{"id":1858,"date":"2017-01-26T14:57:38","date_gmt":"2017-01-26T14:57:38","guid":{"rendered":"https:\/\/hpclinics.com\/formacao\/?page_id=1858"},"modified":"2023-12-04T15:51:08","modified_gmt":"2023-12-04T15:51:08","slug":"dr-hugo-silva-pinto-especialista-medicina-desportiva","status":"publish","type":"page","link":"https:\/\/hpclinics.com\/formacao\/dr-hugo-silva-pinto-especialista-medicina-desportiva\/","title":{"rendered":"Hugo Silva Pinto especialista medicina desportiva"},"content":{"rendered":"\n<style type=\"text\/css\" data-created_by=\"avia_inline_auto\" id=\"style-css-av-kxyyhu-a75140f04c079a3204a81e483c074dc8\">\n.avia-section.av-kxyyhu-a75140f04c079a3204a81e483c074dc8{\nbackground-repeat:no-repeat;\nbackground-image:url(https:\/\/hpclinics.com\/formacao\/wp-content\/uploads\/2016\/05\/FUNDO-HP-02.jpg);\nbackground-position:50% 0%;\nbackground-attachment:fixed;\n}\n<\/style>\n<div id='av_section_1'  class='avia-section av-kxyyhu-a75140f04c079a3204a81e483c074dc8 main_color avia-section-large avia-no-border-styling  avia-builder-el-0  avia-builder-el-no-sibling  avia-full-stretch avia-bg-style-fixed container_wrap fullsize'  data-section-bg-repeat='stretch'><div class='container av-section-cont-open' ><main  role=\"main\" itemprop=\"mainContentOfPage\"  class='template-page content  av-content-full alpha units'><div class='post-entry post-entry-type-page post-entry-1858'><div class='entry-content-wrapper clearfix'>\n\n<style type=\"text\/css\" data-created_by=\"avia_inline_auto\" id=\"style-css-av-igy0eq-4b578017ae7572bff931481190029ccc\">\n.flex_column.av-igy0eq-4b578017ae7572bff931481190029ccc{\nborder-radius:0px 0px 0px 0px;\npadding:0px 0px 0px 0px;\n}\n<\/style>\n<div  class='flex_column av-igy0eq-4b578017ae7572bff931481190029ccc av_two_fifth  avia-builder-el-1  el_before_av_three_fifth  avia-builder-el-first  first flex_column_div av-zero-column-padding  '     ><p>\n<style type=\"text\/css\" data-created_by=\"avia_inline_auto\" id=\"style-css-av-hl1e3m-84b5637aa5ca0c323b852caeef2b0b08\">\n.avia-image-container.av-hl1e3m-84b5637aa5ca0c323b852caeef2b0b08 img.avia_image{\nbox-shadow:none;\n}\n.avia-image-container.av-hl1e3m-84b5637aa5ca0c323b852caeef2b0b08 .av-image-caption-overlay-center{\ncolor:#ffffff;\n}\n<\/style>\n<div  class='avia-image-container av-hl1e3m-84b5637aa5ca0c323b852caeef2b0b08 av-styling- avia_animated_image av-animated-when-visible-95 fade-in avia-align-center  avia-builder-el-2  el_before_av_hr  avia-builder-el-first '   itemprop=\"image\" itemscope=\"itemscope\" itemtype=\"https:\/\/schema.org\/ImageObject\" ><div class=\"avia-image-container-inner\"><div class=\"avia-image-overlay-wrap\"><img decoding=\"async\" fetchpriority=\"high\" class='wp-image-1575 avia-img-lazy-loading-not-1575 avia_image ' src=\"https:\/\/hpclinics.com\/formacao\/wp-content\/uploads\/2016\/05\/dr-hugo-pinto-hp-clinics.png\" alt='' title='dr-hugo-pinto-hp-clinics'  height=\"1149\" width=\"828\"  itemprop=\"thumbnailUrl\" srcset=\"https:\/\/hpclinics.com\/formacao\/wp-content\/uploads\/2016\/05\/dr-hugo-pinto-hp-clinics.png 828w, https:\/\/hpclinics.com\/formacao\/wp-content\/uploads\/2016\/05\/dr-hugo-pinto-hp-clinics-216x300.png 216w, https:\/\/hpclinics.com\/formacao\/wp-content\/uploads\/2016\/05\/dr-hugo-pinto-hp-clinics-768x1066.png 768w, https:\/\/hpclinics.com\/formacao\/wp-content\/uploads\/2016\/05\/dr-hugo-pinto-hp-clinics-742x1030.png 742w, https:\/\/hpclinics.com\/formacao\/wp-content\/uploads\/2016\/05\/dr-hugo-pinto-hp-clinics-508x705.png 508w, https:\/\/hpclinics.com\/formacao\/wp-content\/uploads\/2016\/05\/dr-hugo-pinto-hp-clinics-450x624.png 450w\" sizes=\"(max-width: 828px) 100vw, 828px\" \/><\/div><\/div><\/div><br \/>\n<div  class='hr av-fd0ayq-cfb0129f20f0694a47982e99f8336a3d hr-default  avia-builder-el-3  el_after_av_image  el_before_av_font_icon '><span class='hr-inner '><span class=\"hr-inner-style\"><\/span><\/span><\/div><br \/>\n\n<style type=\"text\/css\" data-created_by=\"avia_inline_auto\" id=\"style-css-av-eelg76-fad3847b085e93581dd8edafc993c078\">\n.av_font_icon.av-eelg76-fad3847b085e93581dd8edafc993c078{\ncolor:#0283a6;\nborder-color:#0283a6;\n}\n.avia-svg-icon.av-eelg76-fad3847b085e93581dd8edafc993c078 svg:first-child{\nstroke:#0283a6;\nfill:#0283a6;\n}\n.av_font_icon.av-eelg76-fad3847b085e93581dd8edafc993c078 .av-icon-char{\nfont-size:60px;\nline-height:60px;\n}\n<\/style>\n<span  class='av_font_icon av-eelg76-fad3847b085e93581dd8edafc993c078 avia_animate_when_visible av-icon-style- avia-icon-pos-center avia-iconfont avia-font-entypo-fontello avia-icon-animate'><a href='mailto:geral@hpclinics.com'   class='av-icon-char' data-av_icon='\ue83c' data-av_iconfont='entypo-fontello' aria-hidden=\"false\" ><\/a><\/span><br \/>\n<div  class='hr av-4q7z6-bb4317004c9967cd07c55b374da5cc11 hr-default  avia-builder-el-5  el_after_av_font_icon  el_before_av_hr '><span class='hr-inner '><span class=\"hr-inner-style\"><\/span><\/span><\/div><br \/>\n<div  class='hr av-9rj7uq-6eb9c32b10bc45841f3bfee3732c9840 hr-default  avia-builder-el-6  el_after_av_hr  avia-builder-el-last '><span class='hr-inner '><span class=\"hr-inner-style\"><\/span><\/span><\/div><\/p><\/div>\n<style type=\"text\/css\" data-created_by=\"avia_inline_auto\" id=\"style-css-av-pgyoy-0852568c9468f0cbbd2ba21f1548819f\">\n.flex_column.av-pgyoy-0852568c9468f0cbbd2ba21f1548819f{\nborder-radius:0px 0px 0px 0px;\npadding:0px 0px 0px 0px;\n}\n<\/style>\n<div  class='flex_column av-pgyoy-0852568c9468f0cbbd2ba21f1548819f av_three_fifth  avia-builder-el-7  el_after_av_two_fifth  avia-builder-el-last  flex_column_div av-zero-column-padding  '     ><p>\n<style type=\"text\/css\" data-created_by=\"avia_inline_auto\" id=\"style-css-av-57oigi-e7f5d56001bccb5003c466487a5f780e\">\n#top .av-special-heading.av-57oigi-e7f5d56001bccb5003c466487a5f780e{\npadding-bottom:20px;\n}\nbody .av-special-heading.av-57oigi-e7f5d56001bccb5003c466487a5f780e .av-special-heading-tag .heading-char{\nfont-size:25px;\n}\n.av-special-heading.av-57oigi-e7f5d56001bccb5003c466487a5f780e .av-subheading{\nfont-size:15px;\n}\n<\/style>\n<div  class='av-special-heading av-57oigi-e7f5d56001bccb5003c466487a5f780e av-special-heading-h2 blockquote modern-quote  avia-builder-el-8  el_before_av_hr  avia-builder-el-first '><h2 class='av-special-heading-tag '  itemprop=\"headline\"  >HUGO SILVA PINTO<\/h2><div class='av-subheading av-subheading_below'><p>M\u00c9DICO ESPECIALISTA EM MEDICINA DESPORTIVA<\/p>\n<\/div><div class=\"special-heading-border\"><div class=\"special-heading-inner-border\"><\/div><\/div><\/div><br \/>\n<div  class='hr av-cki0i-6752a4e5fcef428b8d22a0e942a1a594 hr-default  avia-builder-el-9  el_after_av_heading  el_before_av_textblock '><span class='hr-inner '><span class=\"hr-inner-style\"><\/span><\/span><\/div><br \/>\n<section  class='av_textblock_section av-24cvrm-c6047ae9b8851cccfeadd06f73807ff2 '   itemscope=\"itemscope\" itemtype=\"https:\/\/schema.org\/CreativeWork\" ><div class='avia_textblock'  itemprop=\"text\" ><p><strong>Forma\u00e7\u00e3o M\u00e9dica<\/strong><br \/>\n2015: Especialista em Medicina Desportiva<\/p>\n<p>2004-2009: Frequ\u00eancia do Internato Complementar de Medicina Desportiva no Centro de Medicina Desportiva do Porto<\/p>\n<p>1995 &#8211; 2001: licenciatura em Medicina pelo Instituto de Ci\u00eancia Biom\u00e9dicas Abel Salazar<\/p>\n<p><strong>Forma\u00e7\u00e3o M\u00e9dica Complementar<\/strong><\/p>\n<p>2015-2016: Cursos de Acupunctura Neuro-Funcional leccionados pelo grupo m\u00e9dico da GEANF de Porto Alegre, Rio Grande do Sul, Brasil<\/p>\n<p>2014-2016: Diploma de Medicina Desportiva do Comit\u00e9 Ol\u00edmpico Internacional<\/p>\n<p>2009: Curso de Avalia\u00e7\u00e3o e Diagn\u00f3stico de Disfun\u00e7\u00e3o Cr\u00e2nio-Cervico-Mandibular, Universidade McMaster, Hamilton, Ont\u00e1rio, Canad\u00e1<\/p>\n<p>2009: Cursos de Liberta\u00e7\u00e3o Miofascial para Patologia Neuro-Muscular, Faculdade de Ci\u00eancias do Movimento da Universidade Vrije, Amesterd\u00e3o, Holanda<\/p>\n<p>2009: Compet\u00eancia em Acupunctura M\u00e9dica pela Ordem dos M\u00e9dicos Portuguesa<\/p>\n<p>2008: Curso de Forma\u00e7\u00e3o B\u00e1sica em Acupunctura M\u00e9dica Contempor\u00e2nea, Universidade McMaster, Hamilton, Ont\u00e1rio, Canad\u00e1<\/p>\n<p>2008: Curso de T\u00e9cnicas Avan\u00e7adas de Punctura para Patologia M\u00fasculo-esquel\u00e9tica, Universidade McMaster, Hamilton, Ont\u00e1rio, Canad\u00e1<\/p>\n<p>2008: Curso de Avalia\u00e7\u00e3o Funcional M\u00fasculo-esquel\u00e9tica, Universidade McMaster, Hamilton, Ont\u00e1rio, Canad\u00e1<\/p>\n<p>2007: Curso de Forma\u00e7\u00e3o B\u00e1sica em Acupunctura M\u00e9dica da British Medical Acupuncture Society em Edimburgo, Esc\u00f3cia<\/p>\n<p>2007: Dia da Anatomia da British Medical Acupuncture Society, Londres, Reino Unido<\/p>\n<p>2007: Certificado da Compet\u00eancia em Acupunctura M\u00e9dica da BMAS, Londres, Reino Unido\u20282007: Curso de Electro-acupunctura da BMAS, Londres, Reino Unido<\/p>\n<p>2005: Curso de Mesoterapia para M\u00e9dicos da Associa\u00e7\u00e3o Portuguesa de Mesoterapia\/ Servi\u00e7o de Medicina F\u00edsica e Reabilita\u00e7\u00e3o do Hospital S\u00e3o Jos\u00e9, Lisboa, para patologia M\u00fasculo-Esquel\u00e9tica<\/p>\n<p>2005-2006: Curso Pr\u00e1tico de Especializa\u00e7\u00e3o e Tratamento de Patologia M\u00fasculo-esquel\u00e9tica do ICBAS\/SPMA\/Universidade McMaster (Ont\u00e1rio, Canad\u00e1) no Porto, Portugal<\/p>\n<p>2003: I Curso de P\u00f3s-Gradua\u00e7\u00e3o de Medicina Desportiva no CNMD \u2013 Delega\u00e7\u00e3o do Porto<\/p>\n<p><strong>Experi\u00eancia Profissional<\/strong><\/p>\n<p>2016 &#8211; : Diretor Cl\u00ednico da HPClinics\u00ae<\/p>\n<p>2006 \u2013 2016 : Cl\u00ednica Privada de\u00a0Medicina Desportiva e Tratamento de Patologias neuro-musculares e M\u00fasculo-Esquel\u00e9ticas trabalhando em parceria com v\u00e1rias equipas desportivas de desportos individuais e colectivos nacionais<\/p>\n<p>2006- 2008: M\u00e9dico Integrante do Departamento M\u00e9dico da Federa\u00e7\u00e3o Portuguesa de Voleibol para a Selec\u00e7\u00e3o Nacional S\u00e9nior Masculina<\/p>\n<p>2005-2006: M\u00e9dico do Departamento M\u00e9dico do Gondomar Sport Clube na 2\u00aa Liga Vitalis, Portugal<\/p>\n<p>2005: M\u00e9dico Respons\u00e1vel da Delega\u00e7\u00e3o Portuguesa \u00e0 XXIII Univers\u00edada em Izmir Turquia<\/p>\n<p>2004-2006: M\u00e9dico respons\u00e1vel pelo Departamento M\u00e9dico do Sporting Clube Vasco Gama da modalidade de Basquetebol, Porto, Portugal<\/p>\n<p><strong>Forma\u00e7\u00e3o<\/strong><\/p>\n<p>2015 -: Docente dos Cursos de\u00a0Acupunctura M\u00e9dica leccionado em parceria com a Associa\u00e7\u00e3o de Fisioterapeutas Noruegueses e a Associa\u00e7\u00e3o N\u00f3rdica de Acupunctura M\u00e9dica<\/p>\n<p>2012 :Docente e Membro da Comiss\u00e3o Organizadora do Curso de Forma\u00e7\u00e3o P\u00f3s-Graduada de Acupunctura M\u00e9dica da Faculdade de Ci\u00eancias M\u00e9dicas da Universidade do Minho<\/p>\n<p>2009-2013 : Docente e Membro da Comiss\u00e3o Organizadora do Curso de Forma\u00e7\u00e3o P\u00f3s-Graduada de Acupunctura M\u00e9dica da Faculdade de Ci\u00eancias M\u00e9dicas da Universidade Nova de Lisboa<\/p>\n<p>2009 : Docente na P\u00f3s-Gradua\u00e7\u00e3o de Reabilita\u00e7\u00e3o no Desporto da Cooperativa de Ensino Superior, polit\u00e9cnico e Universit\u00e1rio, Gandra, Portugal<\/p>\n<p>2007-2008: Docente no Curso de P\u00f3s-Gradua\u00e7\u00e3o em Acupunctura, da Faculdade de Medicina da Universidade de Coimbra, Portugal<\/p>\n<p>2006 \u2013 2009: Docente nos Cursos de P\u00f3s-Gradua\u00e7\u00e3o em Acupunctura e Moxibust\u00e3o do ICBAS\/SPMA<\/p>\n<\/div><\/section><\/p><\/div>\n","protected":false},"excerpt":{"rendered":"","protected":false},"author":1,"featured_media":0,"parent":0,"menu_order":0,"comment_status":"closed","ping_status":"closed","template":"","meta":{"footnotes":""},"class_list":["post-1858","page","type-page","status-publish","hentry"],"_links":{"self":[{"href":"https:\/\/hpclinics.com\/formacao\/wp-json\/wp\/v2\/pages\/1858","targetHints":{"allow":["GET"]}}],"collection":[{"href":"https:\/\/hpclinics.com\/formacao\/wp-json\/wp\/v2\/pages"}],"about":[{"href":"https:\/\/hpclinics.com\/formacao\/wp-json\/wp\/v2\/types\/page"}],"author":[{"embeddable":true,"href":"https:\/\/hpclinics.com\/formacao\/wp-json\/wp\/v2\/users\/1"}],"replies":[{"embeddable":true,"href":"https:\/\/hpclinics.com\/formacao\/wp-json\/wp\/v2\/comments?post=1858"}],"version-history":[{"count":21,"href":"https:\/\/hpclinics.com\/formacao\/wp-json\/wp\/v2\/pages\/1858\/revisions"}],"predecessor-version":[{"id":4343,"href":"https:\/\/hpclinics.com\/formacao\/wp-json\/wp\/v2\/pages\/1858\/revisions\/4343"}],"wp:attachment":[{"href":"https:\/\/hpclinics.com\/formacao\/wp-json\/wp\/v2\/media?parent=1858"}],"curies":[{"name":"wp","href":"https:\/\/api.w.org\/{rel}","templated":true}]}}